{"id":6,"date":"2019-01-17T19:09:48","date_gmt":"2019-01-17T18:09:48","guid":{"rendered":"http:\/\/zorbajambes.be\/?page_id=6"},"modified":"2022-09-14T10:42:43","modified_gmt":"2022-09-14T08:42:43","slug":"home","status":"publish","type":"page","link":"http:\/\/zorbajambes.be\/","title":{"rendered":"Home"},"content":{"rendered":"<div id=\"pl-gb6-69f480939a3a1\"  class=\"panel-layout\" ><div id=\"pg-gb6-69f480939a3a1-0\"  class=\"panel-grid panel-has-style\"  data-style=\"{&quot;background_display&quot;:&quot;tile&quot;,&quot;full_height&quot;:&quot;&quot;,&quot;row_stretch&quot;:&quot;full-width-stretch&quot;}\" ><div class=\"siteorigin-panels-stretch panel-row-style panel-row-style-for-gb6-69f480939a3a1-0\" data-stretch-type=\"full-width-stretch\" ><div id=\"pgc-gb6-69f480939a3a1-0-0\"  class=\"panel-grid-cell\"  data-weight=\"1\" ><div id=\"panel-gb6-69f480939a3a1-0-0-0\" class=\"so-panel widget widget_sow-hero panel-first-child panel-last-child\" data-index=\"0\" data-style=\"{&quot;background_image_attachment&quot;:false,&quot;background_display&quot;:&quot;tile&quot;}\" ><div\n\t\t\t\n\t\t\tclass=\"so-widget-sow-hero so-widget-sow-hero-default-afc909341ca1-6 so-widget-fittext-wrapper\"\n\t\t\t\n\t\t>\t\t\t\t<div class=\"sow-slider-base\" style=\"display: none\" tabindex=\"0\">\n\t\t\t\t\t<ul\n\t\t\t\t\tclass=\"sow-slider-images\"\n\t\t\t\t\tdata-settings=\"{&quot;pagination&quot;:true,&quot;speed&quot;:800,&quot;timeout&quot;:8000,&quot;paused&quot;:false,&quot;pause_on_hover&quot;:false,&quot;swipe&quot;:true,&quot;nav_always_show_desktop&quot;:&quot;&quot;,&quot;nav_always_show_mobile&quot;:&quot;&quot;,&quot;breakpoint&quot;:&quot;780px&quot;,&quot;unmute&quot;:false,&quot;anchor&quot;:null}\"\n\t\t\t\t\tstyle=\"min-height: 700px\"\t\t\t\t\tdata-anchor-id=\"\"\n\t\t\t\t>\t\t<li class=\"sow-slider-image  sow-slider-image-cover\" style=\"visibility: visible;;background-color: #333333;background-image: url(http:\/\/zorbajambes.be\/wp-content\/uploads\/2019\/01\/Capture-d\u2019e\u0301cran-2019-01-21-a\u0300-15.46.39.png);cursor: pointer;\" data-url=\"{&quot;url&quot;:&quot;#&quot;,&quot;new_window&quot;:true}\" >\n\t\t\t\t\t<div class=\"sow-slider-image-container\">\n\t\t\t<div class=\"sow-slider-image-wrapper\">\n\t\t\t\t<h1 style=\"text-align: center\"><strong><span style=\"color: #ffffff\">Maison existante depuis 1972, <br \/> depuis 1982, Monsieur, Madame Sopa Ekrem &amp; Fils<\/span><\/strong>\n<strong><span style=\"color: #ffffff\">vous souhaitent la bienvenue au restaurant<\/span><\/strong><\/h1>\n<h1 style=\"text-align: center\"><strong><span style=\"color: #ffffff\"><\/span><\/strong><\/h1>\t\t\t<\/div>\n\t\t<\/div>\n\t\t\t\t<\/li>\n\t\t<\/ul>\t\t\t\t<ol class=\"sow-slider-pagination\">\n\t\t\t\t\t\t\t\t\t\t\t<li><a href=\"#\" data-goto=\"0\" aria-label=\"afficher la diapositive 1\"><\/a><\/li>\n\t\t\t\t\t\t\t\t\t<\/ol>\n\n\t\t\t\t<div class=\"sow-slide-nav sow-slide-nav-next\">\n\t\t\t\t\t<a href=\"#\" data-goto=\"next\" aria-label=\"diapositive suivante\" data-action=\"next\">\n\t\t\t\t\t\t<em class=\"sow-sld-icon-thin-right\"><\/em>\n\t\t\t\t\t<\/a>\n\t\t\t\t<\/div>\n\n\t\t\t\t<div class=\"sow-slide-nav sow-slide-nav-prev\">\n\t\t\t\t\t<a href=\"#\" data-goto=\"previous\" aria-label=\"diapositive pr\u00e9c\u00e9dente\" data-action=\"prev\">\n\t\t\t\t\t\t<em class=\"sow-sld-icon-thin-left\"><\/em>\n\t\t\t\t\t<\/a>\n\t\t\t\t<\/div>\n\t\t\t\t<\/div><\/div><\/div><\/div><\/div><\/div><div id=\"pg-gb6-69f480939a3a1-1\"  class=\"panel-grid panel-has-style\"  data-style=\"{&quot;padding&quot;:&quot;80px&quot;,&quot;background&quot;:&quot;#fef9f5&quot;,&quot;background_display&quot;:&quot;tile&quot;,&quot;full_height&quot;:&quot;&quot;,&quot;row_stretch&quot;:&quot;full&quot;}\" ><div class=\"siteorigin-panels-stretch panel-row-style-full-width panel-row-style panel-row-style-for-gb6-69f480939a3a1-1\" data-stretch-type=\"full\" ><div id=\"pgc-gb6-69f480939a3a1-1-0\"  class=\"panel-grid-cell\"  data-weight=\"0.5\" ><div id=\"panel-gb6-69f480939a3a1-1-0-0\" class=\"so-panel widget widget_sow-image panel-first-child panel-last-child\" data-index=\"1\" data-style=\"{&quot;background_image_attachment&quot;:false,&quot;background_display&quot;:&quot;tile&quot;}\" ><div\n\t\t\t\n\t\t\tclass=\"so-widget-sow-image so-widget-sow-image-default-8b5b6f678277-6\"\n\t\t\t\n\t\t>\n\n<div class=\"sow-image-container\">\n\t\t<img loading=\"lazy\" decoding=\"async\" src=\"http:\/\/zorbajambes.be\/wp-content\/uploads\/2021\/12\/Capture-de\u0301cran-2021-12-29-a\u0300-10.57.13.png\" width=\"2560\" height=\"1538\" srcset=\"http:\/\/zorbajambes.be\/wp-content\/uploads\/2021\/12\/Capture-de\u0301cran-2021-12-29-a\u0300-10.57.13.png 2560w, http:\/\/zorbajambes.be\/wp-content\/uploads\/2021\/12\/Capture-de\u0301cran-2021-12-29-a\u0300-10.57.13-300x180.png 300w, http:\/\/zorbajambes.be\/wp-content\/uploads\/2021\/12\/Capture-de\u0301cran-2021-12-29-a\u0300-10.57.13-1024x615.png 1024w, http:\/\/zorbajambes.be\/wp-content\/uploads\/2021\/12\/Capture-de\u0301cran-2021-12-29-a\u0300-10.57.13-768x461.png 768w, http:\/\/zorbajambes.be\/wp-content\/uploads\/2021\/12\/Capture-de\u0301cran-2021-12-29-a\u0300-10.57.13-1536x923.png 1536w, http:\/\/zorbajambes.be\/wp-content\/uploads\/2021\/12\/Capture-de\u0301cran-2021-12-29-a\u0300-10.57.13-2048x1230.png 2048w\" sizes=\"auto, (max-width: 2560px) 100vw, 2560px\" title=\"Capture d\u2019e\u0301cran 2021-12-29 a\u0300 10.57.13\" alt=\"\" \t\tclass=\"so-widget-image\"\/>\n\t<\/div>\n\n<\/div><\/div><\/div><div id=\"pgc-gb6-69f480939a3a1-1-1\"  class=\"panel-grid-cell\"  data-weight=\"0.5\" ><div id=\"panel-gb6-69f480939a3a1-1-1-0\" class=\"so-panel widget widget_restaurantz-title-subtitle panel-first-child panel-last-child\" data-index=\"2\" data-style=\"{&quot;background_image_attachment&quot;:false,&quot;background_display&quot;:&quot;tile&quot;}\" ><div\n\t\t\t\n\t\t\tclass=\"so-widget-restaurantz-title-subtitle so-widget-restaurantz-title-subtitle-default-d75171398898-6\"\n\t\t\t\n\t\t><div class=\"section-content section-alignment-center\">\n\t\t\t<h3 class=\"widget-title\">Nos horaires<\/h3>\t\n\t\n\t\t\t<div class=\"title-content\">\n\t\t\t<p><i>lundi :\t  11:30\u201314:00 &#8211; 18:00\u201322:00<\/p>\n<p>mardi :\t  Ferm\u00e9<\/p>\n<p>mercredi :  11:30\u201314:00 &#8211; 18:00\u201322:00<\/p>\n<p>jeudi :\t   11:30\u201314:00 &#8211; 18:00\u201322:00<\/p>\n<p>vendredi :   11:30\u201314:00 &#8211; 18:00\u201322:00<\/p>\n<p>samedi :      11:30\u201314:00 &#8211; 18:00\u201322:00<\/p>\n<p>dimanche :  11:30\u201314:00 &#8211; 18:00\u201322:00<\/p>\n<p><\/i><\/p>\n\t\t<\/div>\n\t<\/div><!-- .section-content -->\n<\/div><\/div><\/div><\/div><\/div><\/div>\n\n<div id=\"pl-gb6-69f48093a8bec\"  class=\"panel-layout\" ><div id=\"pg-gb6-69f48093a8bec-0\"  class=\"panel-grid panel-no-style\"  data-style=\"{&quot;background_image_attachment&quot;:false,&quot;background_display&quot;:&quot;tile&quot;,&quot;full_height&quot;:&quot;&quot;,&quot;cell_alignment&quot;:&quot;flex-start&quot;}\"  data-ratio=\"1\"  data-ratio-direction=\"right\" ><div id=\"pgc-gb6-69f48093a8bec-0-0\"  class=\"panel-grid-cell\"  data-weight=\"0.5\" ><div id=\"panel-gb6-69f48093a8bec-0-0-0\" class=\"so-panel widget widget_restaurantz-title-subtitle panel-first-child panel-last-child\" data-index=\"0\" data-style=\"{&quot;background_image_attachment&quot;:false,&quot;background_display&quot;:&quot;tile&quot;}\" ><div\n\t\t\t\n\t\t\tclass=\"so-widget-restaurantz-title-subtitle so-widget-restaurantz-title-subtitle-default-d75171398898-6\"\n\t\t\t\n\t\t><div class=\"section-content section-alignment-center\">\n\t\t\t<h3 class=\"widget-title\">Notre adresse<\/h3>\t\n\t\n\t\t\t<div class=\"title-content\">\n\t\t\t<p><b><i>Avenue Bourgmestre Jean Materne n\u00b0179<\/p>\n<p>5100 Jambes<\/i><\/b><\/p>\n\t\t<\/div>\n\t<\/div><!-- .section-content -->\n<\/div><\/div><\/div><div id=\"pgc-gb6-69f48093a8bec-0-1\"  class=\"panel-grid-cell\"  data-weight=\"0.5\" ><div id=\"panel-gb6-69f48093a8bec-0-1-0\" class=\"so-panel widget widget_sow-image panel-first-child panel-last-child\" data-index=\"1\" data-style=\"{&quot;background_image_attachment&quot;:false,&quot;background_display&quot;:&quot;tile&quot;}\" ><div\n\t\t\t\n\t\t\tclass=\"so-widget-sow-image so-widget-sow-image-default-8b5b6f678277-6\"\n\t\t\t\n\t\t>\n\n<div class=\"sow-image-container\">\n\t\t<img loading=\"lazy\" decoding=\"async\" src=\"http:\/\/zorbajambes.be\/wp-content\/uploads\/2019\/01\/maps-zorba.png\" width=\"1970\" height=\"1112\" srcset=\"http:\/\/zorbajambes.be\/wp-content\/uploads\/2019\/01\/maps-zorba.png 1970w, http:\/\/zorbajambes.be\/wp-content\/uploads\/2019\/01\/maps-zorba-300x169.png 300w, http:\/\/zorbajambes.be\/wp-content\/uploads\/2019\/01\/maps-zorba-768x434.png 768w, http:\/\/zorbajambes.be\/wp-content\/uploads\/2019\/01\/maps-zorba-1024x578.png 1024w\" sizes=\"auto, (max-width: 1970px) 100vw, 1970px\" alt=\"\" \t\tclass=\"so-widget-image\"\/>\n\t<\/div>\n\n<\/div><\/div><\/div><\/div><\/div>\n\n<div id=\"pl-gb6-69f48093a9a96\"  class=\"panel-layout\" ><div id=\"pg-gb6-69f48093a9a96-0\"  class=\"panel-grid panel-no-style\"  data-style=\"{&quot;background_image_attachment&quot;:false,&quot;background_display&quot;:&quot;tile&quot;,&quot;full_height&quot;:&quot;&quot;,&quot;cell_alignment&quot;:&quot;flex-start&quot;}\"  data-ratio=\"1\"  data-ratio-direction=\"right\" ><div id=\"pgc-gb6-69f48093a9a96-0-0\"  class=\"panel-grid-cell\"  data-weight=\"0.5\" ><div id=\"panel-gb6-69f48093a9a96-0-0-0\" class=\"so-panel widget widget_sow-image panel-first-child panel-last-child\" data-index=\"0\" data-style=\"{&quot;background_image_attachment&quot;:false,&quot;background_display&quot;:&quot;tile&quot;}\" ><div\n\t\t\t\n\t\t\tclass=\"so-widget-sow-image so-widget-sow-image-default-8b5b6f678277-6\"\n\t\t\t\n\t\t>\n\n<div class=\"sow-image-container\">\n\t\t<img loading=\"lazy\" decoding=\"async\" src=\"http:\/\/zorbajambes.be\/wp-content\/uploads\/2021\/12\/DSF4325-copie-scaled.jpg\" width=\"2560\" height=\"1710\" srcset=\"http:\/\/zorbajambes.be\/wp-content\/uploads\/2021\/12\/DSF4325-copie-scaled.jpg 2560w, http:\/\/zorbajambes.be\/wp-content\/uploads\/2021\/12\/DSF4325-copie-300x200.jpg 300w, http:\/\/zorbajambes.be\/wp-content\/uploads\/2021\/12\/DSF4325-copie-1024x684.jpg 1024w, http:\/\/zorbajambes.be\/wp-content\/uploads\/2021\/12\/DSF4325-copie-768x513.jpg 768w, http:\/\/zorbajambes.be\/wp-content\/uploads\/2021\/12\/DSF4325-copie-1536x1026.jpg 1536w, http:\/\/zorbajambes.be\/wp-content\/uploads\/2021\/12\/DSF4325-copie-2048x1368.jpg 2048w, http:\/\/zorbajambes.be\/wp-content\/uploads\/2021\/12\/DSF4325-copie-272x182.jpg 272w\" sizes=\"auto, (max-width: 2560px) 100vw, 2560px\" title=\"_DSF4325 copie\" alt=\"\" \t\tclass=\"so-widget-image\"\/>\n\t<\/div>\n\n<\/div><\/div><\/div><div id=\"pgc-gb6-69f48093a9a96-0-1\"  class=\"panel-grid-cell\"  data-weight=\"0.5\" ><div id=\"panel-gb6-69f48093a9a96-0-1-0\" class=\"so-panel widget widget_restaurantz-title-subtitle panel-first-child panel-last-child\" data-index=\"1\" data-style=\"{&quot;background_image_attachment&quot;:false,&quot;background_display&quot;:&quot;tile&quot;}\" ><div\n\t\t\t\n\t\t\tclass=\"so-widget-restaurantz-title-subtitle so-widget-restaurantz-title-subtitle-default-d75171398898-6\"\n\t\t\t\n\t\t><div class=\"section-content section-alignment-center\">\n\t\t\t<h3 class=\"widget-title\">Plats \u00e0 empoter<\/h3>\t\n\t\t\t<h4 class=\"secondary-title\">Tous nos plats sont \u00e0 emporter<\/h4>\n\t\n\t<\/div><!-- .section-content -->\n<\/div><\/div><\/div><\/div><\/div>\n\n<div id=\"pl-gb6-69f48093aa61e\"  class=\"panel-layout\" ><div id=\"pg-gb6-69f48093aa61e-0\"  class=\"panel-grid panel-no-style\" ><div id=\"pgc-gb6-69f48093aa61e-0-0\"  class=\"panel-grid-cell\"  data-weight=\"1\" ><div id=\"panel-gb6-69f48093aa61e-0-0-0\" class=\"so-panel widget widget_restaurantz-title-subtitle panel-first-child panel-last-child\" data-index=\"0\" data-style=\"{&quot;background_image_attachment&quot;:false,&quot;background_display&quot;:&quot;tile&quot;}\" ><div\n\t\t\t\n\t\t\tclass=\"so-widget-restaurantz-title-subtitle so-widget-restaurantz-title-subtitle-default-d75171398898-6\"\n\t\t\t\n\t\t><div class=\"section-content section-alignment-center\">\n\t\t\t<h3 class=\"widget-title\">Ev\u00e8nements<\/h3>\t\n\t\n\t\t\t<div class=\"title-content\">\n\t\t\t<p>Envie de f\u00eater un \u00e9v\u00e9nement?<br \/>\nNous pouvons vous proposer un menu adapt\u00e9 \u00e0 vos envies&#8230;<br \/>\n(le samedi soir, maximum 10 personnes)<br \/>\n081 30 31 98 &#8211; www.zorbajambes.be<\/p>\n\t\t<\/div>\n\t<\/div><!-- .section-content -->\n<\/div><\/div><\/div><\/div><\/div>\n\n<div id=\"pl-gb6-69f48093aad5b\"  class=\"panel-layout\" ><div id=\"pg-gb6-69f48093aad5b-0\"  class=\"panel-grid panel-no-style\"  data-style=\"{&quot;background_image_attachment&quot;:false,&quot;background_display&quot;:&quot;tile&quot;,&quot;full_height&quot;:&quot;&quot;,&quot;cell_alignment&quot;:&quot;flex-start&quot;}\"  data-ratio=\"1\"  data-ratio-direction=\"right\" ><div id=\"pgc-gb6-69f48093aad5b-0-0\"  class=\"panel-grid-cell\"  data-weight=\"1\" ><div id=\"panel-gb6-69f48093aad5b-0-0-0\" class=\"so-panel widget widget_sow-image panel-first-child panel-last-child\" data-index=\"0\" data-style=\"{&quot;background_image_attachment&quot;:false,&quot;background_display&quot;:&quot;tile&quot;}\" ><div\n\t\t\t\n\t\t\tclass=\"so-widget-sow-image so-widget-sow-image-default-8b5b6f678277-6\"\n\t\t\t\n\t\t>\n\n<div class=\"sow-image-container\">\n\t\t<img loading=\"lazy\" decoding=\"async\" src=\"http:\/\/zorbajambes.be\/wp-content\/uploads\/2019\/01\/Capture-d\u2019e\u0301cran-2019-01-22-a\u0300-09.49.31.png\" width=\"1836\" height=\"268\" srcset=\"http:\/\/zorbajambes.be\/wp-content\/uploads\/2019\/01\/Capture-d\u2019e\u0301cran-2019-01-22-a\u0300-09.49.31.png 1836w, http:\/\/zorbajambes.be\/wp-content\/uploads\/2019\/01\/Capture-d\u2019e\u0301cran-2019-01-22-a\u0300-09.49.31-300x44.png 300w, http:\/\/zorbajambes.be\/wp-content\/uploads\/2019\/01\/Capture-d\u2019e\u0301cran-2019-01-22-a\u0300-09.49.31-768x112.png 768w, http:\/\/zorbajambes.be\/wp-content\/uploads\/2019\/01\/Capture-d\u2019e\u0301cran-2019-01-22-a\u0300-09.49.31-1024x149.png 1024w\" sizes=\"auto, (max-width: 1836px) 100vw, 1836px\" title=\"Capture d\u2019e\u0301cran 2019-01-22 a\u0300 09.49.31\" alt=\"\" \t\tclass=\"so-widget-image\"\/>\n\t<\/div>\n\n<\/div><\/div><\/div><\/div><\/div>\n\n<div id=\"pl-gb6-69f48093b1334\"  class=\"panel-layout\" ><div id=\"pg-gb6-69f48093b1334-0\"  class=\"panel-grid panel-no-style\" ><div id=\"pgc-gb6-69f48093b1334-0-0\"  class=\"panel-grid-cell\"  data-weight=\"1\" ><div id=\"panel-gb6-69f48093b1334-0-0-0\" class=\"so-panel widget widget_sow-button panel-first-child panel-last-child\" data-index=\"0\" data-style=\"{&quot;background_image_attachment&quot;:false,&quot;background_display&quot;:&quot;tile&quot;}\" ><div\n\t\t\t\n\t\t\tclass=\"so-widget-sow-button so-widget-sow-button-atom-2681f8f58835-6\"\n\t\t\t\n\t\t><div class=\"ow-button-base ow-button-align-center\">\n\t<a\n\thref=\"https:\/\/www.facebook.com\/LeZorbaJambes\/\"\n\t\tclass=\"ow-icon-placement-left ow-button-hover\" target=\"_blank\" rel=\"noopener noreferrer\" \t>\n\t\t<span>\n\t\t\t<span class=\"sow-icon-fontawesome sow-fab\" data-sow-icon=\"&#xf39e;\"\n\t\tstyle=\"color: #1e73be\" \n\t\taria-hidden=\"true\"><\/span>\n\t\t\tRetrouvez-nous sur notre page Facebook\t\t<\/span>\n\t<\/a>\n<\/div>\n<\/div><\/div><\/div><\/div><\/div>","protected":false},"excerpt":{"rendered":"","protected":false},"author":1,"featured_media":0,"parent":0,"menu_order":0,"comment_status":"closed","ping_status":"closed","template":"","meta":{"footnotes":""},"class_list":["post-6","page","type-page","status-publish","hentry"],"jetpack_sharing_enabled":true,"_links":{"self":[{"href":"http:\/\/zorbajambes.be\/index.php?rest_route=\/wp\/v2\/pages\/6","targetHints":{"allow":["GET"]}}],"collection":[{"href":"http:\/\/zorbajambes.be\/index.php?rest_route=\/wp\/v2\/pages"}],"about":[{"href":"http:\/\/zorbajambes.be\/index.php?rest_route=\/wp\/v2\/types\/page"}],"author":[{"embeddable":true,"href":"http:\/\/zorbajambes.be\/index.php?rest_route=\/wp\/v2\/users\/1"}],"replies":[{"embeddable":true,"href":"http:\/\/zorbajambes.be\/index.php?rest_route=%2Fwp%2Fv2%2Fcomments&post=6"}],"version-history":[{"count":44,"href":"http:\/\/zorbajambes.be\/index.php?rest_route=\/wp\/v2\/pages\/6\/revisions"}],"predecessor-version":[{"id":258,"href":"http:\/\/zorbajambes.be\/index.php?rest_route=\/wp\/v2\/pages\/6\/revisions\/258"}],"wp:attachment":[{"href":"http:\/\/zorbajambes.be\/index.php?rest_route=%2Fwp%2Fv2%2Fmedia&parent=6"}],"curies":[{"name":"wp","href":"https:\/\/api.w.org\/{rel}","templated":true}]}}